 - 287. Calculate the remainder when 61 is divided by s(-7).
19
Suppose 815 = 49*o + 129. Let r be 2 - (-8)/((-6)/3). Let z = r + 27. Calculate the remainder when z is divided by o.
11
Calculate the remainder when 427 is divided by (6 + -1 + -26 - -8)*-1.
11
Let h = -367 + 431. Suppose 0 = -u + 12 + 10. Calculate the remainder when h is divided by u.
20
Suppose -4*k = -2*p + p + 44, -264 = -5*p - 2*k. Suppose -8 = -g - i, 6*i = 3*i - 9. What is the remainder when p is divided by g?
8
Suppose -2*c = z - 58, 0 = 8*c - 4*c - 3*z - 116. Calculate the remainder when c is divided by -8 + 9 - (-8)/1.
2
Let f = -3 + 40. Let b(a) = 7*a - 3. Let j be b(2). Suppose j = 2*q - 9. What is the remainder when f is divided by q?
7
Let g = 32 + -30. What is the remainder when 62 is divided by g - (-4)/(-6)*-21?
14
Let i(a) be the first derivative of 1/3*a**3 - 7*a**2 - 1 + 9*a. Calculate the remainder when 13 is divided by i(14).
4
Suppose c - 7*c - 312 = 0. Let l = c + 96. Calculate the remainder when l is divided by 15.
14
Suppose -2*h - 170 = -2*o + o, -76 = h + 4*o. Let n = -77 - h. Calculate the remainder when n is divided by 3.
1
Suppose 3*g + 84 = 2*y + 3*y, -5*g - 8 = -y. What is the remainder when 34 is divided by y?
16
Let w(u) = -45*u + 24*u + 22 + 20*u. What is the remainder when w(3) is divided by 7?
5
Suppose -r - 102 = -i, -2*r = -4*i - 6*r + 448. Calculate the remainder when 2139 is divided by i.
106
Suppose 0 = -3*t - u + 86, 515*t - 517*t - 2*u + 56 = 0. What is the remainder when 231 is divided by t?
28
Let z(i) = i**3 + 3*i**2 - 7*i - 8. Let c be z(-4). Let x = c - 2. Let a(b) = 4*b**3 - 3*b**2 + b - 2. Calculate the remainder when a(x) is divided by 12.
8
Suppose -4*k = -5*r + 2, -2*r + 5*r - 2 = 2*k. Suppose -k*f + 0*f = -2*w - 32, -5*w + 82 = 4*f. Let t = 62 - 28. What is the remainder when t is divided by f?
16
Let i(s) = -5*s - 18. Let t be i(-8). Calculate the remainder when 14 is divided by (t - 12)*4/10.
2
Let k = 50 - 47. Calculate the remainder when 57 is divided by (54/24)/(k/16).
9
Let f = -86 - -211. What is the remainder when f is divided by 3 - ((9 - 11) + -1*27)?
29
Let f = 449 + 348. What is the remainder when f is divided by 25?
22
Let l = 1 + 13. Let a(o) = -9*o**2 - 21*o + 11. Let f(r) = -4*r**2 - 11*r + 5. Let t(h) = -3*a(h) + 7*f(h). What is the remainder when t(-12) is divided by l?
12
Suppose 0 = 2*s - 65 - 17. Suppose -3*l = 3, 3*p + l + 3*l - 29 = 0. What is the remainder when s is divided by p?
8
Suppose -16 = 71*h - 73*h. Calculate the remainder when 37 is divided by h.
5
Suppose 5*z - 2*o = 20, 0*z + 5*o = z - 27. Let y(k) = -2*k**z + 0*k**2 + 3*k - k**2 - 1 + 4*k**2. Calculate the remainder when y(-4) is divided by 1.
0
Suppose 2*n - 733 = 5. Suppose -3*t = -2*a + 101 - n, 0 = -3*t - 3*a + 288. Calculate the remainder when t is divided by 19.
16
Let m(d) = -5*d - 69. What is the remainder when m(-20) is divided by ((-92)/8 - -3)*-2?
14
Calculate the remainder when 9538/32 - 38/608 is divided by 79.
61
Suppose 0 = m + 6*h - 2*h - 17, 2*m - 45 = 3*h. What is the remainder when m is divided by 5?
1
Let u be (-37)/(-3)*(-21)/(-7). Suppose 14 + 6 = 5*f. Suppose -2*w + 5*p = -u, 0 = 2*w - 3*p + f*p - 43. Calculate the remainder when 82 is divided by w.
19
Let x(p) = -7*p - p**2 + 5*p - 9*p + 2. Suppose 4*q = 5*l - 93, 3*l - 45 = -q + 21. Calculate the remainder when l is divided by x(-10).
9
Suppose 0 = 5*t + 72 - 22. Calculate the remainder when 70 is divided by (5/(t/24))/(1 - 3).
4
Let y = -240 + 258. What is the remainder when 502 is divided by y?
16
Let s = -119 - -130. What is the remainder when 86 is divided by s?
9
Let n be -1 + 1*(-27 + -2). Let i(y) = -12*y + 45. Let r be i(9). Let u = n - r. Calculate the remainder when u is divided by 12.
9
Suppose 15 = 4*f - 13. Suppose 8 = 3*v - f. Suppose -v*c + 14 = 4*g, -4*g = 2*c - g - 7. Calculate the remainder when 4 is divided by c.
0
Let p(m) = -m**2 + 8*m + 7. Let v(o) = 20*o + 2. Let j be v(4). Suppose 3*u + 5*z + 8 = j, -u + 6 = -3*z. Calculate the remainder when u is divided by p(8).
4
What is the remainder when (-3 + -69*2)*60/(-90) is divided by 21?
10
Let k(q) = 38*q**2 + 5*q + 3. Calculate the remainder when 138 is divided by k(-1).
30
What is the remainder when ((-4)/6)/((-56)/5628) is divided by 21?
4
Let o = 450 + -401. What is the remainder when 97 is divided by o?
48
Let v(w) = -2*w + 37. Let h = 8 - 6. Suppose h*c - 5*c + 204 = 0. Calculate the remainder when c is divided by v(7).
22
Let a(g) = 41*g**2 - 3*g - 7. Calculate the remainder when a(-2) is divided by 19.
11
Let f(c) = 2*c**3 - 3*c**2 - 4*c - 1. Calculate the remainder when 149 is divided by f(3).
9
Let n = 485 + -289. Let q = -106 + n. What is the remainder when q is divided by 31?
28
Let g = 164 - 48. Suppose -a + g = a. Calculate the remainder when a is divided by 15.
13
Let m(k) = 2*k**2 - 17*k - 77. What is the remainder when m(-4) is divided by 14?
9
Let j(g) = -3*g + 29. Let s be j(9). Suppose -2*y + 2*o + 20 = -3*o, o - s = 0. Suppose -4*h + 159 = -69. What is the remainder when h is divided by y?
12
What is the remainder when 8/60 - (-3866)/30 is divided by 46?
37
Suppose 0 = -5*n + 6*n - 60. Let t = 69 - n. What is the remainder when 35 is divided by t?
8
Let f(s) = -s**3 - 10*s**2 + 8. Calculate the remainder when 101 is divided by f(-10).
5
Suppose -3*c + 27 = 2*c - t, 4*t + 28 = 4*c. What is the remainder when 53 is divided by 6*c - (0 - (-7 + 5))?
25
Let k = 35 - 40. Suppose -4*z + 0*q - 2*q = -22, 0 = z - 5*q. What is the remainder when (144/30)/((-2)/k) is divided by z?
2
Let s = -717 + 791. What is the remainder when 368 is divided by s?
72
Suppose b + 0 - 1 = 0, 0 = 4*s - 3*b - 9. Let f(n) = -n**2 + 14*n + 5. Let z be f(14). What is the remainder when 14 is divided by (z/s)/(7/21)?
4
Let w(r) = 5*r + 2. Calculate the remainder when w(7) is divided by 11.
4
Let c(d) = 5*d**3 + d**2. Let o be (-6)/(-9)*(-6)/(-4). Let w(h) = h**3 + 14*h**2 + 46*h + 25. Calculate the remainder when w(-9) is divided by c(o).
4
Let q be (1 - (4 + -4)) + 2. Suppose a + 2*d + q = 20, -5*d = 4*a - 56. Let z = -13 - -37. Calculate the remainder when z is divided by a.
6
Suppose -4*l + 0 = 20. Let p(w) = -w**3 - 5*w**2 - 4*w - 12. What is the remainder when p(l) is divided by 1?
0
Let a = -1 + 3. Suppose 3*g + 523 = 5*n, -2*n + 6*n - a*g - 420 = 0. What is the remainder when n is divided by 18?
17
Let n be 2 + 0/8 + -1 + 4. Suppose -n*p = g - 7 + 1, 4*p + 37 = 3*g. What is the remainder when 32 is divided by g?
10
Suppose 3*w = -w + 1468. What is the remainder when w is divided by 30?
7
Let s be (-8)/(-10)*(-7 - (-6)/3). Let f(u) = 12*u**2 + 6*u + 8. Calculate the remainder when f(s) is divided by 36.
32
Let z(b) = 2*b + 4. Let d(o) = -o**3 + 10*o**2 - 7*o + 15. Let y be d(7). Let h = -85 + y. Calculate the remainder when h is divided by z(3).
8
Let a(u) = -2*u + 15. Let p(h) = -3*h + 15. Let y(t) = 4*a(t) - 3*p(t). What is the remainder when 45 is divided by y(8)?
22
Let w = 61 + -121. Let o = w - -63. What is the remainder when 8 - (8 - 3 - 2) is divided by o?
2
Suppose -36 = -4*c - 0*c. Suppose -c = 3*l - 180. Let s(p) = 4*p**2 - 3*p + 5. Calculate the remainder when l is divided by s(2).
12
Suppose -4*f = 101*f - 1313 - 892. Let l(m) = -m**3 + m - 1. Let t be l(3). Let k = 86 + t. Calculate the remainder when k is divided by f.
19
Suppose x + 15 = -4*x, 0 = -2*j - x + 163. Let d be (8*24)/3 - -2. Suppose 18 = 3*r - d. Calculate the remainder when j is divided by r.
27
What is the remainder when ((-305)/(-20))/((1 + -3)/(-8)) is divided by 9?
7
Suppose 2*f = 3*d + 113 - 508, -4*f - 532 = -4*d. What is the remainder when d is divided by (0 - 0) + (1 - -32)?
30
Suppose 8*q = -24, -4*c + 16*q = 13*q - 21. Suppose -3 = -h - 1. What is the remainder when c is divided by h?
1
Let c = -130 + 172. What is the remainder when 123 is divided by c?
39
Let u = 123 + -102. Let q(o) = 18*o**2. Let d be q(1). Let v = d + -6. Calculate the remainder when u is divided by v.
9
Let q be 0*(14/4 + -4). Suppose f - 6*f + 80 = q. What is the remainder when f is divided by 3?
1
Let x be ((-56)/12)/((-4)/18). Let m = x + -42. Calculate the remainder when ((-96)/(-2))/(m/(-14)) is divided by 9.
5
Suppose 0 = 10*l - 1